 -115*p = -116*p + 18. Suppose -27*q = -28*q + p. Is 6 a factor of q?
True
Suppose 3*g + 102 = 450. Suppose -2*d + 4*u - g + 302 = 0, -5*d + 2*u + 489 = 0. Is d a multiple of 20?
False
Let c = -99 - -479. Suppose -x = 5*x. Suppose -9*j + 5*o + c = -4*j, x = 2*j + 3*o - 132. Does 24 divide j?
True
Let y = -93 + 115. Let u = y + -5. Is u a multiple of 17?
True
Suppose 5*h + o + 10 = 183, 5*o - 95 = -3*h. Suppose -2*d = 3*d - h. Is 5 a factor of (-2)/d + 535/35?
True
Suppose 31 = -t + 2*x, x - 8 = t + 21. Let m = 21 + t. Does 15 divide m/4*(-224)/21?
False
Suppose 3*g = a + 5 - 24, 0 = 4*g - 5*a + 7. Let h = -13 - g. Let q = h + 29. Does 8 divide q?
True
Let q(n) = -n**3 + 5*n**2 - 5*n - 1. Let b be q(4). Let j be 6/(-30) + (-266)/b. Let u = 110 - j. Does 13 divide u?
False
Let o be ((-2)/(-4))/(1/(-12)). Let p(b) = b**2 + 6*b + 8. Let t be p(o). Does 15 divide 10*(-4)/(t/(-11))?
False
Let x(q) = 4*q**2 + 3*q - 4. Let a be x(-2). Does 22 divide 3024/60 - a/(-10)?
False
Suppose 3*v - 70 = -4. Let u = v + 68. Suppose -10 - u = -4*s. Is 17 a factor of s?
False
Let t(z) = 20*z + 16. Let f be t(-11). Let s = -141 - f. Does 7 divide s?
True
Is (-609)/(-6) + 11/22 a multiple of 7?
False
Suppose 0 = 2*g + 2*l - 1276, 2*l - l = -5*g + 3178. Does 16 divide g?
False
Suppose 133*s - 1881 = 130*s. Is 18 a factor of s?
False
Suppose 0 = 4*w - 12, 3*w = b - w + 12. Let a be 25 + 0/(-1) + b. Does 13 divide (a/(-3))/(-5)*21?
False
Let h(v) = -17*v - 21. Suppose -3*a - a = -5*z - 19, -a - 4 = 0. Does 7 divide h(z)?
True
Is (-45 - -3 - 4 - -4)*-6 a multiple of 7?
True
Let r(z) = -z**3 - 30*z**2 - 29*z - 30. Does 35 divide r(-30)?
True
Suppose 1480 = 3*f - 31*q + 36*q, -2*f - 5*q = -990. Is f a multiple of 49?
True
Let l(b) = -b**3 - 5*b**2 - 6*b + 26. Is 10 a factor of l(-6)?
False
Let y = 232 - -513. Suppose y = 5*i + 20. Is 29 a factor of i?
True
Let i(f) = 72*f - 12. Is 22 a factor of i(2)?
True
Let s(i) = -4*i**3 + i**2 + i - 16. Let h(q) = -q**3 - 4. Let d(r) = 9*h(r) - 2*s(r). Is d(-3) a multiple of 9?
False
Let p(v) be the second derivative of 11*v**4/3 + v**2 + 9*v. Does 16 divide p(-1)?
False
Is 9 a factor of ((-360)/(-150))/(2/120)?
True
Suppose -j + 2*b + 12 = 0, j + 5*b - 3*b = 24. Suppose j*a = 4*a + 182. Is a a multiple of 4?
False
Let d be (-30)/(-4)*(-8)/(-10). Suppose -d*t + 325 = -t. Suppose 11*v - 6*v - t = 0. Is 8 a factor of v?
False
Is (-1)/(-4) - (1 + (-22146)/24) a multiple of 9?
False
Suppose -2*u + 841 = 5*x + u, -3*u + 6 = 0. Is x a multiple of 15?
False
Let v be (-27)/(-18)*(-584)/(-6). Let a = -44 - -97. Let b = v - a. Does 26 divide b?
False
Suppose 5*t - 15 = 2*t. Suppose -t*j + 636 = 136. Does 43 divide j?
False
Let t(g) = -16*g**3 - 7*g**2 - 5*g. Is t(-2) a multiple of 10?
True
Let o = -3536 + 5395. Does 12 divide o?
False
Let t(k) = -k**3 - 3*k**2 - 8*k - 11. Is 13 a factor of t(-3)?
True
Suppose 0 = 5*w - 5*j - 330, 5*j - 5 = -0. Is 13 a factor of w?
False
Suppose 2*u - 22 = 4*p, 4*u - 3*p - 19 = -0. Is 30 a factor of (47 - (0 + -4)) + u?
False
Suppose -4*r = -128 - 44. Suppose 0 = 3*u - 2*t - r, -2*t = -4*u - 4*t + 76. Is u a multiple of 17?
True
Suppose 73*r - 224 = 69*r. Suppose 0 = -4*g - 4*j + 148, -3*g - 4*j + r + 58 = 0. Is g a multiple of 17?
True
Let g(h) = 26*h**2 - 4*h + 3. Let z = 51 + -49. Does 11 divide g(z)?
True
Let h = 104 - 98. Suppose h*o - o = 1550. Is o a multiple of 53?
False
Suppose -16*l + 1555 = -11*l. Suppose 3*o = 2*z + l, -2*z + 103 = o - 3*z. Is o a multiple of 15?
True
Let h(k) = -k + 11. Let a be h(11). Let u(t) = -t**2 - t + 20. Let m be u(a). Let r = m - 9. Is 2 a factor of r?
False
Suppose -3*r + 2*t = -2*t - 366, 0 = 3*r - 3*t - 369. Is r a multiple of 64?
False
Let t = -21 - -25. Suppose -2*f + 12 = -3*z, t*z + 16 = 4*f - 2*f. Suppose -5*x + 231 + 324 = f. Is 19 a factor of x?
False
Suppose -2*q = -2*j + 22, 3*j + 4*q - q - 9 = 0. Suppose 0 = -4*b + 4*y - j*y + 749, 5*b + 5*y = 940. Is b a multiple of 36?
False
Let f(u) = -u**3 + 6*u**2 - 8*u + 10. Let i be f(5). Let o = i - -35. Does 10 divide o?
True
Suppose i = 1, -6*v = 6*i - 2*i - 14140. Is v a multiple of 31?
True
Let l = 10 + -13. Let n be -5*(-2 - (l + 0)). Let z(a) = -6*a - 3. Is 16 a factor of z(n)?
False
Suppose -5*a - 31 = 4*x, 2*a + 5*x = -19 - 7. Suppose -3*i + 6*i - 12 = -z, -40 = 5*z - 5*i. Is z + 3 - 108/a a multiple of 19?
False
Does 33 divide (167 - (-12)/(-4)) + 1?
True
Let a(l) = 4*l**2 - 4*l - 4. Let w(s) = s**2 - s - 1. Let q(h) = -4*a(h) + 18*w(h). Is 10 a factor of q(-7)?
True
Suppose -5*j - 1778 = -4*c, -31*c + 1316 = -28*c + 5*j. Is c a multiple of 17?
True
Suppose -2*w = 5*c + 410, -61 = 2*c + 4*w + 119. Let p = -56 - c. Does 24 divide p?
True
Let q(u) = 10*u**2 + 5*u - 6. Is 7 a factor of q(-5)?
False
Suppose -3*g + 287 = 12*u - 8*u, 2*u + 2*g - 144 = 0. Does 8 divide u?
False
Let d = 678 - 522. Does 16 divide d?
False
Let x be (-6)/(-21) - (-19)/7. Suppose -6*i = -11*i - u + 64, 2*i - x*u - 29 = 0. Does 2 divide i?
False
Let f(k) = -k**3 - 2*k**2 + 3*k - 9. Let v(l) = -l**3 - l**2 + 2*l - 10. Let m(w) = 2*f(w) - 3*v(w). Suppose 0 = -6*h + 2*h. Is m(h) a multiple of 12?
True
Suppose -348 = 3*i - 2*t - 974, 1052 = 5*i + t. Is 15 a factor of i?
True
Let g(f) = -f**2 + 9*f - 15. Let l be g(7). Let p(m) = -1 - 4*m + 0 - 1 + 19*m**2 + 3*m. Does 5 divide p(l)?
False
Suppose 4*g + 291 = 3*i, 12*g + 485 = 5*i + 7*g. Does 46 divide i?
False
Let s = -15 + 17. Suppose 11 = -2*j - 5*v, 4*j - s*v + 7*v + 7 = 0. Is (24/(-18))/(j/(-39)) a multiple of 26?
True
Suppose -8*u = 622 - 4822. Is 21 a factor of u?
True
Suppose 2*f + 244 = 5*t, -4*f = t - 3 - 59. Let h(u) = 5*u + 139. Let b be h(-35). Let q = t + b. Is q a multiple of 14?
True
Suppose -16*l = -5*l - 3124. Is l a multiple of 9?
False
Let t = 19 - 10. Suppose 3*i + 10 = 5*r + 1, 3*i - 12 = -2*r. Does 7 divide (r - 27)*(-6)/t?
False
Let w(l) be the first derivative of -7/2*l**2 + 2/3*l**3 + 1 + 5*l. Does 16 divide w(7)?
False
Let g be (-40)/30 - (-2)/6. Is 7 a factor of g/((-5)/(-105)*-3)?
True
Suppose 0 = 3*p - 7*p + 1016. Suppose 0 = 4*o - 2*k - p, 3*k = -o + 2*k + 68. Is o a multiple of 13?
True
Let u(p) = p + 0 + 2 + 4*p + 0*p. Does 7 divide u(4)?
False
Suppose 0 = 23*h - 26*h + 18. Is (-3)/((-9)/368) + h/(-9) a multiple of 20?
False
Let l(v) = -1. Let o(q) = -8*q - 6. Let c(a) = -15*l(a) + 3*o(a). Suppose 16 = -4*t - 2*d, 5*t - 4*d + 2 - 8 = 0. Is c(t) a multiple of 12?
False
Suppose -4*g = -5*i - 452, 0 = -2*g + 3*i - i + 224. Suppose 5*l = -8 + g. Does 4 divide l?
True
Let y = -15 - -16. Suppose -y - 23 = -3*m. Is 8 a factor of m?
True
Let q be 4/24 - 188/(-24). Suppose 160 = -6*m + q*m. Is 20 a factor of m?
True
Let f be 2/(-3) - (-82)/6. Let s(j) = 5*j**2 - 2*j - 1. Let c be s(-1). Let o = f - c. Is 2 a factor of o?
False
Suppose -354 = -3*g - 99. Suppose 31 = -n + g. Is 9 a factor of n?
True
Suppose -3*a + 3 = -2*a. Let j = a - 6. Is 8 a factor of 2 + j + 2 - -36?
False
Let h(y) = 6*y**3 - 9*y**2 + 6*y - 12. Is 36 a factor of h(4)?
True
Suppose 1093 = 3*p - a, 3*a - 2*a + 4 = 0. Does 11 divide p?
True
Suppose 4*w = -5*t + 3037, -5*t - 14*w = -9*w - 3040. Does 11 divide t?
True
Let f = 99 + 45. Is 36 a factor of f?
True
Suppose 0 = x + 2*i - 223, x - 3*i = -0*x + 233. Is 21 a factor of x?
False
Suppose 2*c - c - 2 = 0. Suppose -3*z + 5*l + 65 = c*z, -4*z + 2*l = -62. Does 35 divide 9/z - (-139)/2?
True
Let p(o) be the first derivative of -o**4/4 + 5*o**3/3 + 2*o**2 + 8*o + 6. Let m be p(6). Let l(q) = -6*q + 2. Is 11 a factor of l(m)?
False
Suppose -4*y = 2*a - 20 - 8, -5*a = 3*y - 56. Suppose -11*q + 72 = -a*q. Is q a multiple of 9?
True
Suppose 4*u - 8 = -0*u. Let d(c) = -2*c**2 + u*c + 5 - 1 - c - 1 - 4*c**3. Does 15 divide d(-3)?
True
Let g(p) be the first derivative of -2*p**2 - 18*p - 13. Is g(-12) a multiple of 3?
True
Let h be 3040/12*(-6)/(-4). Suppose 16*t - h = 12*t. Is 24 a factor of t?
False
Let j(g) = -g + 4. Let p be j(0). Suppose -3*f + 7*i + 9 = p*i, -5*i = 5*f - 25. Is 13 a factor of (8/6)/(f/78)?
True
Let n be (6/(-7))/(11/77). Is 16 a factor of ((-6)/(-2))/(n/(-64))?
True
Let k(i) = i**2 - 12*i + 74. Is 17 a factor of k(10)?
False
Let f(d) = -60*d - 16. Let w be f(-2). Let m = 137 - w. Is 11 a factor of m?
True
Let o(x) = x**2 + 24*x - 56. Is 